nd s.
18
Let z(b) = 2*b + 6. Let n be z(-3). Suppose -2*x + 24 = 2*d, n = -6*x + 2*x + 3*d + 41. What is the highest common factor of x and 121?
11
Let b be (10/3 + 1)*6. What is the highest common factor of b and 78?
26
Let l = 15 - 0. Let i = 36 + 99. What is the highest common divisor of l and i?
15
Let g be 2 + (-3 - 3/(-1)). Let q be g/((5 - 2)/84). Calculate the highest common divisor of 14 and q.
14
Let q = 58 + 115. Suppose 5*h = -33 + q. Let n be (-1 - -7) + -3 + 1. What is the greatest common factor of h and n?
4
Let d(p) = p**2 + 4*p - 3. Let k be d(-5). Let z = -27 + 5. Let u be 11/z - 7/(-2). Calculate the highest common factor of k and u.
1
Suppose -2*n = -n. Suppose -4*t + n*h = -h + 53, 4*t + 5*h = -71. Let p be 4/t + (-144)/(-14). What is the greatest common factor of p and 5?
5
Suppose -50 = -c + 3*x, 0 = -2*c - 2*x - 24 + 140. What is the highest common factor of 8 and c?
8
Let h be (-69)/(-6)*-10*-1. Let r = 65 + h. Calculate the highest common factor of r and 20.
20
Suppose -3*f = d - 4*f - 14, 2*f = -2. Calculate the greatest common factor of d and 104.
13
Let o = -56 - -81. Suppose -r = -6*r + o. Suppose -r*y = -3*c + 55, -3*c - y - 32 = -5*c. What is the greatest common divisor of 60 and c?
15
Suppose 3*p - 2 = 1. Let i be (-2 + p - -2)*55. Let c(v) = -v**2 + 16*v - 10. Let d be c(15). What is the highest common factor of d and i?
5
Let g(l) = -l**3 + 7*l**2 + 3. Let k be g(7). Let m = k + 77. Suppose -6*o + 4*o + 20 = 0. What is the highest common divisor of m and o?
10
Let g = 171 + -67. Suppose -5*z + g + 321 = 0. Let w(q) = 5*q**3 - 3*q**2 + 2*q + 2. Let h be w(2). Calculate the highest common divisor of h and z.
17
Let l(q) = 8*q - 4. Let n be l(6). Let t(v) = -v + 11. Let d be t(7). What is the highest common divisor of n and d?
4
Let l(c) = 9*c - 9. Let k be l(12). Calculate the greatest common divisor of 11 and k.
11
Suppose -5*x = -8*x + 72. Calculate the greatest common divisor of 3 and x.
3
Suppose i = -2*i + 33. Let f(r) be the first derivative of -r**3/3 + 5*r**2 + r - 5. Let o be f(7). What is the highest common divisor of o and i?
11
Suppose 2*t - 20 = -3*t. Let u(k) = 90*k**2. Let l be u(1). Suppose q + t*q = l. What is the highest common factor of 12 and q?
6
Let r = -59 + 119. What is the highest common factor of r and 24?
12
Let x = -42 - -10. Let p = 101 - x. Calculate the greatest common divisor of 19 and p.
19
Let t be 6/8 + (-10)/(-40). Let l be 8*((4 - t) + -2). Calculate the greatest common divisor of l and 32.
8
Let v = 24 + -10. Calculate the greatest common divisor of 21 and v.
7
Let x be (-2 - 3/(-6))*-8. What is the highest common divisor of 24 and x?
12
Let l(r) = r**2 + 7*r + 7. Let a be l(-7). Calculate the highest common divisor of a and 7.
7
Let w be -6*(16/(-6) - -2). Let d(n) = 0 + 17*n - 1 + 4 - 1. Let j be d(2). Calculate the greatest common factor of w and j.
4
Suppose -h + 7 = 2*j - 11, 3*h + 2*j = 54. Let l = -19 + 10. Let f = l - -18. What is the highest common factor of h and f?
9
Let n be 47/(-4) - (-3)/(-12). Let g = n + 33. Suppose 0 = 4*r + r - 35. Calculate the highest common factor of g and r.
7
Let u = 106 - 66. Let j = 2 - -3. Let g be j*(0 - (-16)/10). Calculate the greatest common divisor of u and g.
8
Let o = 5 - 2. Suppose o*q = q + 76. What is the greatest common factor of 57 and q?
19
Let d = 3 - 3. Suppose d*h = -5*h + 45. Let v be -3 + 3 - (-12)/2. Calculate the greatest common divisor of h and v.
3
Let i = -57 + 281. What is the highest common divisor of i and 28?
28
Let w(l) = -l**3 + 5*l**2 - l. Suppose -2*d - 12 = -4*a, 4*a - 13 = 3*d - 3. Let x be w(a). Let v be (8/3)/4*x. What is the greatest common divisor of 2 and v?
2
Suppose -98 = -3*x + 307. What is the highest common divisor of x and 15?
15
Suppose 5*p - 35 - 24 = 3*d, -4*d + 28 = 4*p. What is the highest common divisor of 2 and p?
2
Let j be (-4367)/(-55) + 6/10. Calculate the greatest common divisor of 20 and j.
20
Let i(j) = 3*j - 7. Let u be i(3). Let a(l) = l**3 + 7*l**2 - 2*l - 8. Let o be a(-7). Calculate the highest common divisor of u and o.
2
Suppose 4*r = -0*r + 8. What is the highest common divisor of 14 and r?
2
Let s = 104 + -27. Suppose l + 1 = 0, 6*j - 4*j + 3*l - 23 = 0. Suppose h = g + 6, -3*h + j = -7*g + 3*g. What is the highest common factor of h and s?
11
Let o(v) = 2*v**2. Let c be (-5 + 2)*(-2)/(-6). Let x(k) = k**2 - k - 1. Let q be x(c). Let u be o(q). Calculate the highest common divisor of 8 and u.
2
Let b be 15/10 - 1/(-2). Let k = b - 0. Let n be 24/k*(-3)/(-2). What is the highest common factor of n and 162?
18
Suppose -11*f + 18*f - 35 = 0. What is the greatest common divisor of 10 and f?
5
Let b be 64/10 + 10/(-25). What is the highest common factor of b and 66?
6
Suppose -660 = -5*f + 3*m, 3*f - 2*f = 3*m + 120. Calculate the greatest common divisor of f and 15.
15
Suppose 2*p = -0*p + 6. Let i(c) = 40*c. Let t be i(p). Calculate the highest common divisor of t and 15.
15
Suppose 3 = -2*q + 19. Suppose q = 6*c - 2*c. What is the greatest common factor of 8 and c?
2
Let s(f) = f**3 + 19*f**2 - 12*f + 15. Let p be s(-19). What is the highest common factor of 27 and p?
27
Let g(p) = -p**3 + 4*p**2 + 6*p - 1. Let f be g(5). Suppose -i - 54 = -f*i. What is the greatest common factor of i and 9?
9
Suppose 6*y - 3*y - 252 = 0. Let o = -3 - -4. Suppose 0 = -b - o + 6, -p + 17 = b. Calculate the highest common factor of p and y.
12
Let p(q) = q**3 + 3*q**2 + 2. Let o be p(-3). Suppose 3*t + 4*f = 31, t + 2*t - o*f = 61. What is the highest common factor of 51 and t?
17
Let m = -25 - -39. Suppose -4*x - m = s, 2*x = 5*s + x - 35. Calculate the greatest common divisor of s and 2.
2
Suppose 7*l - 53 = 80. Calculate the greatest common factor of l and 171.
19
Let u = 2 + 2. Suppose 5*s = -4*b - 0*s - u, s = -4. Suppose -b*f + 100 = 4. What is the highest common divisor of f and 12?
12
Suppose 2*f + 3*q = 0, -f + 4*q - 10 = -32. Let w be 93/4 - 12/(-16). What is the highest common factor of w and f?
6
Let s be (3/(-2))/((-6)/64). Let m be (0 - s/10)*-5. Let q = -15 - -23. What is the highest common divisor of q and m?
8
Suppose 0 = -n + 6*n - 110. What is the highest common divisor of n and 11?
11
Let f be (-725)/(-35) + 4/14. What is the highest common divisor of f and 84?
21
Suppose 6*u = 9*u - 108. Suppose -z - 4*v + 6 = 0, -5*v = -2*z - 17 - 10. Let x be 4/z*-39 + -2. What is the highest common factor of x and u?
12
Let r(l) = -2*l**2 + 27*l + 6. Let c be r(12). What is the greatest common factor of c and 70?
14
Let p = -21 - -30. Let w be 309/p + (-2)/6. Calculate the greatest common divisor of 17 and w.
17
Suppose j = -1 + 23. Calculate the highest common divisor of 88 and j.
22
Let x be (-2274)/(-21) + 2/(-7). Suppose 31 - 7 = 3*p + 4*t, -p + 24 = -4*t. What is the highest common factor of p and x?
12
Let s(y) = -2*y**3 + 2*y. Let u be s(-3). Suppose -6*w + u = -2*w. Calculate the greatest common divisor of 96 and w.
12
Let m be (-28)/13 - -2 - (-509)/13. Calculate the highest common factor of 26 and m.
13
Let z be (-12)/2*(-2 + (-8)/6). Suppose 2*p = p + 8. What is the greatest common factor of z and p?
4
Let x be ((-4)/8)/(4323/(-1440) + 3). What is the greatest common divisor of 15 and x?
15
Let k = 20 - 4. Let g be (k/10)/(6/30). What is the greatest common factor of 88 and g?
8
Let h = 46 - 78. Let n = 52 - h. What is the greatest common factor of n and 21?
21
Let x(v) = -v**3 - 5*v**2 - 5*v + 1. Let r be x(-4). Suppose 4*j - 45 = -r*k - j, 4*k = 5*j + 18. What is the highest common divisor of 63 and k?
7
Let u(o) = 5*o**2 - 2*o + 5. Let q be u(-3). What is the highest common divisor of 224 and q?
56
Let g be (-4)/8 + 7/2. Suppose -4*m + m - 12 = 0, g*m + 31 = q. What is the greatest common divisor of 171 and q?
19
Suppose 4*b + 3*o = -115, -3*b = 2*o + 74 + 13. Let t = -22 - b. Calculate the highest common divisor of 99 and t.
9
Let u = -12 - -14. Suppose 0*y + 36 = u*y. Calculate the greatest common factor of 36 and y.
18
Let r(g) = g + 25. Let x be r(-13). What is the greatest common factor of 108 and x?
12
Let v = 2 + 0. Suppose -v*o - o + 17 = -4*n, o = -3*n - 3. Suppose -2*i + o*i - 9 = 0. Calculate the greatest common divisor of i and 72.
9
Let u(m) = -m**